s 5536931 a prime number?
True
Is 1310719661 prime?
True
Is 193841621 prime?
True
Is 8775301 a prime number?
True
Is 30788779 a composite number?
True
Is 7285597 a prime number?
False
Is 9980519 a composite number?
False
Is 23532269 composite?
True
Is 20320829 a composite number?
False
Is 8614853 a composite number?
True
Is 892279307 prime?
True
Is 267871 a prime number?
False
Is 63993433 a prime number?
False
Is 382991437 a composite number?
False
Is 2539898459 composite?
True
Is 5321597 prime?
True
Is 340751 prime?
False
Is 6963709 a composite number?
True
Is 72219239 a prime number?
True
Is 4789277 prime?
True
Is 13374211 prime?
True
Is 33491611 composite?
True
Is 978469 a prime number?
False
Is 18557393 prime?
True
Is 1692653 a prime number?
False
Is 2181041 a prime number?
False
Is 9280781 prime?
True
Is 49343501 prime?
True
Is 5521967 composite?
True
Is 1357757 prime?
False
Is 407773327 a prime number?
False
Is 1793251 prime?
True
Is 263430029 a prime number?
False
Is 82413961 composite?
True
Is 8949631 composite?
False
Is 15446819 composite?
False
Is 943259 a composite number?
True
Is 52259743 a prime number?
True
Is 22335389 a composite number?
False
Is 165325427 composite?
False
Is 2841983 prime?
False
Is 19968127 composite?
False
Is 2327273 a prime number?
False
Is 18951743 a composite number?
False
Is 6938674 a prime number?
False
Is 40908713 composite?
True
Is 6339667 a composite number?
True
Is 1923197 a prime number?
True
Is 27218077 prime?
True
Is 22521257 a composite number?
True
Is 547215365 a prime number?
False
Is 724858 prime?
False
Is 106714441 prime?
True
Is 32034787 a composite number?
False
Is 372181 a composite number?
True
Is 5986667 a composite number?
True
Is 39277229 a prime number?
False
Is 3837809 a prime number?
False
Is 89595073 a composite number?
False
Is 609989 a prime number?
True
Is 27542321 composite?
True
Is 1828759 prime?
True
Is 254128027 prime?
True
Is 14300059 a composite number?
False
Is 39940897 prime?
True
Is 49776983 a composite number?
False
Is 4506929 composite?
True
Is 87949793 composite?
False
Is 12285161 composite?
True
Is 593240386 prime?
False
Is 3818389 a composite number?
False
Is 44977879 prime?
True
Is 12464233 a composite number?
False
Is 174658313 composite?
True
Is 2087291 prime?
False
Is 195495449 prime?
False
Is 7311874 composite?
True
Is 79396111 a composite number?
False
Is 4312211 a prime number?
False
Is 116311777 composite?
False
Is 323806237 a composite number?
False
Is 33301465 composite?
True
Is 653533 composite?
True
Is 131439661 prime?
True
Is 3588047 prime?
False
Is 84107531 a composite number?
False
Is 71999381 prime?
True
Is 32962231 a composite number?
False
Is 206623 a prime number?
True
Is 2155691 a composite number?
False
Is 388268665 a composite number?
True
Is 1796035 a composite number?
True
Is 213119 a prime number?
True
Is 2407793 composite?
True
Is 1273262 composite?
True
Is 7173407 composite?
True
Is 16243391 a composite number?
False
Is 24136999 composite?
False
Is 321164729 prime?
True
Is 2574653 composite?
False
Is 657623 prime?
False
Is 298733 prime?
True
Is 25119651 composite?
True
Is 33933793 a composite number?
False
Is 15262273 a composite number?
True
Is 6471695 a composite number?
True
Is 4531011 a prime number?
False
Is 1909171 a prime number?
False
Is 193061009 a prime number?
False
Is 8827849 prime?
False
Is 270458411 composite?
False
Is 5717219 a prime number?
False
Is 273929 a prime number?
True
Is 407043883 composite?
False
Is 268281649 a composite number?
True
Is 75354343 a prime number?
False
Is 130815229 composite?
True
Is 42859 composite?
False
Is 95315281 prime?
True
Is 352691 prime?
True
Is 5916641 a prime number?
False
Is 713067827 composite?
True
Is 8428967 composite?
False
Is 8616779 a composite number?
True
Is 206947547 prime?
True
Is 36210849 a composite number?
True
Is 26093077 a composite number?
False
Is 106858637 composite?
False
Is 32763989 a prime number?
False
Is 374833999 prime?
False
Is 178051277 a prime number?
True
Is 50136423 a composite number?
True
Is 14103023 composite?
True
Is 46003351 a composite number?
True
Is 156613495 a composite number?
True
Is 10845743 prime?
False
Is 35071719 prime?
False
Is 9307507 prime?
False
Is 7074499 composite?
True
Is 7063429 a prime number?
True
Is 459883 composite?
False
Is 58611503 a composite number?
False
Is 143079743 prime?
True
Is 24801329 a prime number?
False
Is 5776763 a prime number?
False
Is 6864483 a prime number?
False
Is 13447037 composite?
False
Is 5957941 a composite number?
True
Is 11228587 a prime number?
False
Is 42085187 composite?
False
Is 2560471 a prime number?
True
Is 17174659 prime?
True
Is 2209327 prime?
True
Is 1251221 a composite number?
True
Is 43319257 a composite number?
True
Is 13275833 a prime number?
True
Is 1732309 composite?
True
Is 8791157 a prime number?
False
Is 863764805 composite?
True
Is 91865395 composite?
True
Is 6818881 composite?
True
Is 221214809 a prime number?
True
Is 4921827 a prime number?
False
Is 82707419 a prime number?
True
Is 31055831 a composite number?
True
Is 10597583 prime?
True
Is 32626471 a prime number?
True
Is 482003 a composite number?
True
Is 54835959 a composite number?
True
Is 2144107 composite?
True
Is 850807 prime?
True
Is 184931171 prime?
True
Is 942569 composite?
False
Is 560051 a prime number?
False
Is 8809309 a composite number?
True
Is 4949431 a composite number?
True
Is 11861599 composite?
False
Is 5131961 a prime number?
True
Is 35625929 composite?
False
Is 7120681 composite?
True
Is 532456583 composite?
False
Is 144614 a prime number?
False
Is 11283673 composite?
True
Is 15955559 a prime number?
True
Is 58170563 prime?
False
Is 64963709 a prime number?
True
Is 10490933 prime?
True
Is 1201909 a composite number?
False
Is 2059378 a prime number?
False
Is 3541579 composite?
False
Is 8387827 prime?
False
Is 3825607 a composite number?
True
Is 4623457 a composite number?
False
Is 10561729 prime?
True
Is 12083519 a composite number?
True
Is 4770947 composite?
True
Is 15581717 a composite number?
True
Is 953753 prime?
False
Is 91466939 a composite number?
False
Is 42175417 prime?
True
Is 1331873 prime?
False
Is 6230663 a composite number?
False
Is 4857933 composite?
True
Is 1905881 a composite number?
True
Is 31415537 prime?
True
Is 64324357 a prime number?
False
Is 284880491 composite?
True
Is 2398753 prime?
False
Is 331447 prime?
True
Is 166125767 composite?
False
Is 22565351 a prime number?
False
Is 43179071 prime?
False
Is 652663 prime?
False
Is 118494407 prime?
True
Is 6049447 composite?
True
Is 19887017 a composite number?
False
Is 9048623 a composite number?
True
Is 16491949 composite?
False
Is 449593 a prime number?
False
Is 2341127 a prime number?
True
Is 2571901 a prime number?
False
Is 826117 prime?
False
Is 158330983 composite?
True
Is 932796517 prime?
False
Is 876257 prime?
True
Is 73577137 a composite number?
True
Is 11918419 prime?
True
Is 6399831 a prime number?
False
Is 804733 composite?
True
Is 10287077 prime?
True
Is 4232194 a prime number?
False
Is 51701303 a prime number?
True
Is 48664718 prime?
False
Is 188796973 a prime number?
False
Is 57873019 a composite number?
False
Is 12970343 a composite number?
True
Is 5032319 composite?
False
Is 421513 a prime number?
False
Is 10797029 prime?
True
Is 45372059 a composite number?
False
Is 4839281 a prime number?
False
Is 34702907 prime?
True
Is 3380723 a composite number?
False
Is 1104041 a composite number?
False
Is 23379599 a composite number?
False
Is 1526953 a composite number?
True
Is 188102401 a prime number?
True
Is 24957463 prime?
False
Is 4147283 composite?
True
Is 156485135 prime?
False
Is 2784179 a prime number?
False
Is 2169617 a composite number?
False
Is 440839559 a prime number?
False
Is 3012001 a composite number?
False
Is 41072579 a composite number?
False
Is 32588039 composite?
True
Is 1589561 a composite number?
False
Is 7064749 a composite number?
True
Is 1659280901 a composite number?
False
Is 42639227 a prime number?
False
Is 795409 composite?
True
Is 53402873 prime?
True
Is 47866313 a composite number?
True
Is 3333593 a prime number?
True
Is 2021857 prime?
False
Is 35047157 prime?
True
Is 13297517 a composite number?
True